-- https://www.phpmyadmin.net/
--

START TRANSACTION;



-- --------------------------------------------------------

--
-- Table structure for table `answers`
--

CREATE TABLE `answers` (
  `id_answer` int(11) NOT NULL,
  `id_assessment` int(11) NOT NULL,
  `id_question` int(11) NOT NULL,
  `most_statement_id` int(11) NOT NULL,
  `least_statement_id` int(11) NOT NULL
) ENGINE=InnoDB DEFAULT CHARSET=utf8mb4 COLLATE=utf8mb4_unicode_ci;

--
-- Dumping data for table `answers`
--

INSERT INTO `answers` (`id_answer`, `id_assessment`, `id_question`, `most_statement_id`, `least_statement_id`) VALUES
(1, 1, 1, 1, 2),
(2, 1, 2, 5, 7),
(3, 1, 3, 12, 10),
(4, 1, 4, 16, 14),
(5, 1, 5, 17, 19),
(6, 1, 6, 22, 21),
(7, 1, 7, 25, 27),
(8, 1, 8, 31, 30),
(9, 1, 9, 36, 33),
(10, 1, 10, 39, 37),
(11, 1, 11, 41, 42),
(12, 1, 12, 45, 48),
(13, 1, 13, 51, 49),
(14, 1, 14, 56, 55),
(15, 1, 15, 59, 58),
(16, 1, 16, 62, 64),
(17, 1, 17, 66, 68),
(18, 1, 18, 70, 71),
(19, 1, 19, 76, 74),
(20, 1, 20, 80, 79),
(21, 1, 21, 83, 81),
(22, 1, 22, 86, 87),
(23, 1, 23, 92, 91),
(24, 1, 24, 94, 93),
(73, 4, 1, 1, 2),
(74, 4, 2, 6, 5),
(75, 4, 3, 10, 11),
(76, 4, 4, 14, 13),
(77, 4, 5, 18, 19),
(78, 4, 6, 23, 21),
(79, 4, 7, 26, 27),
(80, 4, 8, 31, 30),
(81, 4, 9, 34, 33),
(82, 4, 10, 38, 37),
(83, 4, 11, 42, 43),
(84, 4, 12, 47, 45),
(85, 4, 13, 50, 51),
(86, 4, 14, 54, 53),
(87, 4, 15, 57, 59),
(88, 4, 16, 61, 62),
(89, 4, 17, 65, 67),
(90, 4, 18, 69, 71),
(91, 4, 19, 74, 73),
(92, 4, 20, 79, 77),
(93, 4, 21, 81, 83),
(94, 4, 22, 85, 87),
(95, 4, 23, 90, 89),
(96, 4, 24, 95, 93),
(217, 10, 1, 4, 2),
(218, 10, 2, 6, 7),
(219, 10, 3, 9, 10),
(220, 10, 4, 13, 16),
(221, 10, 5, 18, 19),
(222, 10, 6, 22, 21),
(223, 10, 7, 26, 25),
(224, 10, 8, 29, 31),
(225, 10, 9, 33, 36),
(226, 10, 10, 37, 40),
(227, 10, 11, 42, 44),
(228, 10, 12, 46, 48),
(229, 10, 13, 50, 52),
(230, 10, 14, 53, 55),
(231, 10, 15, 57, 59),
(232, 10, 16, 64, 63),
(233, 10, 17, 66, 68),
(234, 10, 18, 72, 71),
(235, 10, 19, 75, 74),
(236, 10, 20, 78, 79),
(237, 10, 21, 83, 81),
(238, 10, 22, 85, 88),
(239, 10, 23, 90, 92),
(240, 10, 24, 94, 93),
(265, 12, 1, 1, 2),
(266, 12, 2, 5, 7),
(267, 12, 3, 10, 9),
(268, 12, 4, 13, 14),
(269, 12, 5, 18, 20),
(270, 12, 6, 22, 23),
(271, 12, 7, 25, 26),
(272, 12, 8, 30, 32),
(273, 12, 9, 34, 33),
(274, 12, 10, 37, 40),
(275, 12, 11, 42, 41),
(276, 12, 12, 45, 48),
(277, 12, 13, 49, 51),
(278, 12, 14, 54, 53),
(279, 12, 15, 58, 60),
(280, 12, 16, 63, 62),
(281, 12, 17, 65, 68),
(282, 12, 18, 70, 69),
(283, 12, 19, 75, 74),
(284, 12, 20, 78, 80),
(285, 12, 21, 81, 82),
(286, 12, 22, 85, 88),
(287, 12, 23, 91, 90),
(288, 12, 24, 94, 95),
(361, 16, 1, 2, 4),
(362, 16, 2, 5, 7),
(363, 16, 3, 11, 10),
(364, 16, 4, 13, 14),
(365, 16, 5, 20, 19),
(366, 16, 6, 21, 22),
(367, 16, 7, 28, 25),
(368, 16, 8, 30, 32),
(369, 16, 9, 35, 36),
(370, 16, 10, 37, 40),
(371, 16, 11, 43, 44),
(372, 16, 12, 47, 48),
(373, 16, 13, 50, 52),
(374, 16, 14, 54, 53),
(375, 16, 15, 58, 59),
(376, 16, 16, 61, 64),
(377, 16, 17, 67, 68),
(378, 16, 18, 72, 71),
(379, 16, 19, 75, 74),
(380, 16, 20, 78, 80),
(381, 16, 21, 83, 84),
(382, 16, 22, 87, 88),
(383, 16, 23, 90, 92),
(384, 16, 24, 95, 93),
(385, 17, 1, 2, 1),
(386, 17, 2, 8, 7),
(387, 17, 3, 10, 12),
(388, 17, 4, 15, 14),
(389, 17, 5, 19, 20),
(390, 17, 6, 22, 21),
(391, 17, 7, 25, 26),
(392, 17, 8, 31, 30),
(393, 17, 9, 33, 34),
(394, 17, 10, 39, 38),
(395, 17, 11, 42, 44),
(396, 17, 12, 46, 45),
(397, 17, 13, 52, 51),
(398, 17, 14, 54, 56),
(399, 17, 15, 60, 58),
(400, 17, 16, 62, 64),
(401, 17, 17, 68, 65),
(402, 17, 18, 69, 72),
(403, 17, 19, 73, 76),
(404, 17, 20, 78, 77),
(405, 17, 21, 83, 84),
(406, 17, 22, 87, 88),
(407, 17, 23, 91, 90),
(408, 17, 24, 94, 96);

-- --------------------------------------------------------

--
-- Table structure for table `assessments`
--

CREATE TABLE `assessments` (
  `id_assessments` int(11) NOT NULL,
  `id_respondent` int(11) NOT NULL,
  `tanggal_mulai` datetime NOT NULL,
  `tanggal_selesai` datetime DEFAULT NULL,
  `durasi` int(11) NOT NULL,
  `status` enum('in_progress','completed') NOT NULL,
  `created_at` datetime NOT NULL DEFAULT current_timestamp()
) ENGINE=InnoDB DEFAULT CHARSET=utf8mb4 COLLATE=utf8mb4_unicode_ci;

--
-- Dumping data for table `assessments`
--

INSERT INTO `assessments` (`id_assessments`, `id_respondent`, `tanggal_mulai`, `tanggal_selesai`, `durasi`, `status`, `created_at`) VALUES
(10, 16, '2026-08-27 14:04:46', '2026-08-27 14:07:42', 176, 'completed', '2026-08-27 14:04:46'),
(12, 18, '2026-08-27 15:40:51', '2026-08-27 15:42:46', 115, 'completed', '2026-08-27 15:40:51'),
(16, 22, '2026-08-28 08:47:01', '2026-08-28 08:50:29', 208, 'completed', '2026-08-28 08:47:01'),
(17, 23, '2026-08-28 11:09:53', '2026-08-28 11:11:44', 111, 'completed', '2026-08-28 11:09:53');

-- --------------------------------------------------------

--
-- Table structure for table `assessment_results`
--

CREATE TABLE `assessment_results` (
  `id_result` int(11) NOT NULL,
  `id_assessment` int(11) NOT NULL,
  `score_d` int(11) NOT NULL DEFAULT 0,
  `score_i` int(11) NOT NULL DEFAULT 0,
  `score_s` int(11) NOT NULL DEFAULT 0,
  `score_c` int(11) NOT NULL DEFAULT 0,
  `dominant_type` varchar(10) DEFAULT NULL,
  `created_at` timestamp NULL DEFAULT current_timestamp(),
  `d_most` int(11) NOT NULL DEFAULT 0,
  `d_least` int(11) NOT NULL DEFAULT 0,
  `i_most` int(11) NOT NULL DEFAULT 0,
  `i_least` int(11) NOT NULL DEFAULT 0,
  `s_most` int(11) NOT NULL DEFAULT 0,
  `s_least` int(11) NOT NULL DEFAULT 0,
  `c_most` int(11) NOT NULL DEFAULT 0,
  `c_least` int(11) NOT NULL DEFAULT 0,
  `netral_most` int(11) NOT NULL DEFAULT 0,
  `netral_least` int(11) NOT NULL DEFAULT 0,
  `graph1_d` decimal(6,2) NOT NULL DEFAULT 0.00,
  `graph1_i` decimal(6,2) NOT NULL DEFAULT 0.00,
  `graph1_s` decimal(6,2) NOT NULL DEFAULT 0.00,
  `graph1_c` decimal(6,2) NOT NULL DEFAULT 0.00,
  `graph2_d` decimal(6,2) NOT NULL DEFAULT 0.00,
  `graph2_i` decimal(6,2) NOT NULL DEFAULT 0.00,
  `graph2_s` decimal(6,2) NOT NULL DEFAULT 0.00,
  `graph2_c` decimal(6,2) NOT NULL DEFAULT 0.00,
  `graph3_d` decimal(6,2) NOT NULL DEFAULT 0.00,
  `graph3_i` decimal(6,2) NOT NULL DEFAULT 0.00,
  `graph3_s` decimal(6,2) NOT NULL DEFAULT 0.00,
  `graph3_c` decimal(6,2) NOT NULL DEFAULT 0.00,
  `profile_graph1` varchar(20) DEFAULT NULL,
  `profile_graph2` varchar(20) DEFAULT NULL,
  `profile_graph3` varchar(20) DEFAULT NULL
) ENGINE=InnoDB DEFAULT CHARSET=utf8mb4 COLLATE=utf8mb4_unicode_ci;

--
-- Dumping data for table `assessment_results`
--

INSERT INTO `assessment_results` (`id_result`, `id_assessment`, `score_d`, `score_i`, `score_s`, `score_c`, `dominant_type`, `created_at`, `d_most`, `d_least`, `i_most`, `i_least`, `s_most`, `s_least`, `c_most`, `c_least`, `netral_most`, `netral_least`, `graph1_d`, `graph1_i`, `graph1_s`, `graph1_c`, `graph2_d`, `graph2_i`, `graph2_s`, `graph2_c`, `graph3_d`, `graph3_i`, `graph3_s`, `graph3_c`, `profile_graph1`, `profile_graph2`, `profile_graph3`) VALUES
(10, 10, 6, 9, 7, 8, 'I', '2026-08-27 07:07:42', 6, 8, 5, 2, 6, 7, 5, 5, 2, 2, 6.00, 8.00, 7.75, 8.25, 5.00, 10.00, 5.50, 4.75, 5.50, 9.00, 6.75, 8.50, 'C', 'I', 'I'),
(13, 12, 8, 7, 7, 8, 'D/C', '2026-08-27 08:42:46', 6, 3, 6, 6, 6, 7, 3, 4, 3, 4, 6.00, 8.90, 7.75, 5.50, 8.00, 4.00, 5.50, 7.50, 7.50, 7.25, 6.75, 7.50, 'I', 'D', 'D/C'),
(17, 16, 6, 16, 6, 4, 'I', '2026-08-28 01:50:29', 8, 9, 9, 1, 2, 5, 2, 8, 3, 1, 8.00, 14.50, 2.90, 2.50, 4.00, 15.00, 7.50, 5.25, 5.50, 15.50, 5.50, 4.00, 'I', 'I', 'I'),
(18, 17, 6, 8, 6, 8, 'I/C', '2026-08-28 04:11:44', 7, 7, 3, 2, 3, 6, 2, 3, 9, 6, 7.00, 5.00, 5.20, 2.50, 5.50, 10.00, 6.75, 9.00, 6.00, 7.50, 5.50, 7.50, 'D', 'I', 'I/C');

-- --------------------------------------------------------

--
-- Table structure for table `disc_categories`
--

CREATE TABLE `disc_categories` (
  `id_category` int(11) NOT NULL,
  `profile_code` varchar(20) NOT NULL,
  `profile_name` varchar(100) NOT NULL,
  `description` text NOT NULL,
  `tendencies` text NOT NULL,
  `suitable_environment` text NOT NULL,
  `strengths` text NOT NULL,
  `weaknesses` text NOT NULL,
  `development` text NOT NULL,
  `patterns` text NOT NULL,
  `general_traits` text NOT NULL
) ENGINE=InnoDB DEFAULT CHARSET=utf8mb4 COLLATE=utf8mb4_unicode_ci;

--
-- Dumping data for table `disc_categories`
--

INSERT INTO `disc_categories` (`id_category`, `profile_code`, `profile_name`, `description`, `tendencies`, `suitable_environment`, `strengths`, `weaknesses`, `development`, `patterns`, `general_traits`) VALUES
(1, 'D', 'Dominance', 'Individu memiliki tingkat ketegasan yang tinggi dan tingkat pengendalian yang tinggi (<em>controlled</em>). Ketegasan yang tinggi membuat individu memiliki kepribadian D (<em>Dominance</em>) menjadi kurang sabar melihat hasil, dengan kata lain ingin cepat memperoleh hasil, dan hal ini menimbulkan perasaan akan kepentingan (<em>sense of urgency</em>) terhadap tugas yang membuat individu menjadi langsung (<em>to the point</em>) dan efisien (<em>direct and efficient</em>). Pengendalian diri Anda yang kuat membuat Anda menjadi bersikap individualistis, kurang terbuka kepada orang lain, namun hal ini menimbulkan motivasi diri yang kuat (<em>self-motivated</em>) dan lebih suka bekerja secara bebas (<em>independent</em>). Melihat sikap Anda seperti ini, orang lain akan cenderung memandang Anda sebagai seseorang yang tertutup, menuntut, suka bersaing dan ambisius. Anda memiliki tipe kepribadian D (<em>Dominance</em>) akan lebih cocok untuk bekerja dalam suatu lingkungan yang memberikan kebebasan dan <em>personal power</em>, dimana hal ini akan membuat Anda mampu menghadapi tantangan yang akan menimbulkan kreativitas dan energi yang positif bagi kemajuan diri Anda sebagai seorang profesional. Tipe D (<em>Dominance</em>) dapat diklasifikasikan sebagai : <em>Developer Pattern</em>, <em>Result Oriented Pattern</em>, <em>Inspiration Pattern</em>, <em>and Creative Pattern</em>', '• Keinginan memperoleh hasil secara langsung (cepat)\r\n• Cepat mengambil tindakan\r\n• Menerima atau menyukai tantangan, hal–hal baru\r\n• Cepat membuat keputusan\r\n• Tidak atau kurang menyukai ”<em>status quo</em>”\r\n• Memiliki tanggung jawab dan mengambil wewenang (<em>taking authority</em>)\r\n• <em>Managing trouble and solving problems</em>', '• Kekuasaan dan kewenangan\r\n• Kewibawaan dan tantangan\r\n• Kesempatan dan pencapaian dan pengembangan individual\r\n• Lingkup operasional yang luas\r\n• Jawaban langsung (<em>direct answers</em>)\r\n• Kebebasan dari pengendalian dan supervisi (tidak ingin dikontrol oleh orang lain, bekerja mandiri)\r\n• Aktivitas-aktivitas baru dan bervariasi', '• To the Point (langsung)\r\n• Cepat membuat keputusan\r\n• Menyukai perubahan\r\n• Menetapkan banyak sasaran\r\n• Berani mengambil risiko\r\n• Inovatif, kompetitif, efisien\r\n• Menghargai waktu\r\n• Memiliki inisiatif untuk memulai suatu aktivitas\r\n• Mendobrak ”<em>status quo</em>”\r\n• Memiliki prinsip (tidak mudah goyah)', '• Suka melawan (menentang, mendebat)\r\n• Selalu tergesa-gesa\r\n• Cenderung melanggar peraturan\r\n• Cenderung melampaui wewenang\r\n• Tidak sabar dengan orang lain\r\n• Kurang suka mendengar pendapat orang lain\r\n• Mengambil alih banyak tugas\r\n• Kurang taktis dan diplomasi\r\n• Terlalu berfokus pada tugas\r\n• Kurang memperhatikan hubungan dengan orang lain', '• Mempertimbangkan setuju dan tidak setuju\r\n• Memperhitungkan risiko\r\n• Menggunakan prinsip kehati-hatian\r\n• Menciptakan lingkungan yang dapat diprediksi\r\n• Mempelajari fakta–fakta\r\n• Berhati–hati sebelum memutuskan\r\n• Mengakui dan menghargai kebutuhan orang lain\r\n• Menerima tugas–tugas atau pekerjaan yang sulit\r\n• Memahami bahwa Anda membutuhkan bantuan orang lain (kerja sama)\r\n• Mendasarkan teknik–teknik pada pengalaman praktis\r\n• Kadang–kadang menerima goncangan/kejutan (<em>shock therapy</em>)\r\n• Bekerja sama dalam kelompok\r\n• Menyatakan/mengungkapkan alasan–alasan dalam pengambilan keputusan/kesimpulan\r\n• Menyadari akan kesepakatan atau persetujuan yang ada\r\n• Membutuhkan lebih banyak relaksasi diri (rileks dan menikmati kehidupan)', '<em>Developer Pattern</em>, <em>Result Oriented Pattern</em>, <em>Inspiration Pattern</em>, <em>and Creative Pattern</em>', '1. Bersaing\r\n2. Cepat bertindak\r\n3. Berani mengambil risiko\r\n4. Menuntut sesuatu\r\n5. Memerintah\r\n6. Pemrotes\r\n7. Rasional\r\n8. Berorientasi pada tugas\r\n9. Formal\r\n10. Bergaya bisnis\r\n11. Mandiri/tertutup\r\n12. Disiplin'),
(2, 'I', 'Influence', 'Anda memiliki tingkat ketegasan yang tinggi dan tingkat keterbukaan yang tinggi. Tingkat keterbukaan yang tinggi membuat Anda memiliki kepribadian I (<em>Influence</em>) menjadi lebih sosial, bersahabat, dapat menerima pendapat orang lain dan suka berkelompok. Sedangkan ketegasan yang tinggi membuat Anda menjadi antusias dalam melaksanakan tugas–tugas. Namun dalam kenyataan Anda lebih mementingkan hubungan positif dengan orang lain dibandingkan penyelesaian tugas–tugas. Tipe I (<em>Influence</em>) dapat diklasifikasikan sebagai : <em>Promoter Pattern</em>, <em>Persuader Pattern</em>, <em>Counselor Pattern</em>, <em>and Appraiser Pattern</em>.', '• Menghubungi orang lain\r\n• Membuat kesan yang menarik dan meyakinkan\r\n• Pandai berbicara dan mengemukakan pendapat\r\n• Menciptakan lingkungan yang bergairah\r\n• Membangkitkan antusiasme (semangat)\r\n• Menghibur dan menjamu orang lain\r\n• Memandang orang dan situasi dengan optimisme\r\n• Berpartisipasi dalam kelompok', '• Popularitas dan pengakuan sosial\r\n• Pengakuan publik terhadap kemampuan\r\n• Kebebasan berekspresi\r\n• Aktivitas kelompok di luar pekerjaan atau tugas-tugas\r\n• Hubungan demokratik\r\n• Kebebasan dari pengendalian (tidak ingin dikontrol dan hal–hal yang terlalu spesifik)\r\n• Pembimbingan dan pelatihan\r\n• Suasana kerja yang menyenangkan', '• Cepat membuat keputusan\r\n• Optimistik\r\n• Kreatif dalam solusi masalah\r\n• Memotifasi orang lain menuju sasaran\r\n• Memiliki rasa humor yang positif\r\n• Senang bekerja sama dalam tim\r\n• Mampu mengatasi konflik\r\n• Pandai berbicara (menjual ide)', '• Impulsif (mengandalkan perasaan)\r\n• Tidak sistematis\r\n• Kurang mampu menentukan sasaran secara baik\r\n• Terlalu mempercayai orang lain\r\n• Tidak memperhatikan sampai ke hal terperinci (<em>detail</em>)\r\n• Cenderung memberikan delegasi secara berlebihan kepada orang lain\r\n• Pendengar situasional (tergantung apakah dia tertarik)', '• Berkonsentrasi pada tugas (bekerja sama dengan orang–orang yang lebih suka berhubungan dengan tugas daripada orang lain)\r\n• Memperhitungkan risiko\r\n• Menggunakan prinsip kehati–hatian\r\n• Menciptakan lingkungan yang dapat diprediksi\r\n• Mempelajari fakta–fakta\r\n• Berhati–hati sebelum memutuskan\r\n• Mengakui dan menghargai kebutuhan orang lain\r\n• Menerima tugas–tugas atau pekerjaan yang sulit\r\n• Memahami bahwa Anda membutuhkan bantuan orang lain (kerja sama)\r\n• Mendasarkan teknik–teknik pada pengalaman praktis\r\n• Kadang–kadang menerima goncangan/kejutan (<em>shock therapy</em>)\r\n• Bekerja sama dalam kelompok\r\n• Menyatakan/mengungkapkan alasan–alasan dalam pengambilan keputusan/kesimpulan\r\n• Menyadari akan kesepakatan atau persetujuan yang ada\r\n• Membutuhkan lebih banyak relaksasi diri (rileks dan menikmati kehidupan)', '<em>Promoter Pattern</em>, <em>Persuader Pattern</em>, <em>Counselor Pattern</em>,  <em>and Appraiser Pattern</em>', '1. Kooperatif\r\n2. Lambat bertindak\r\n3. Menghindari risiko\r\n4. Menerima\r\n5. Tidak memerintah\r\n6. Pendiam\r\n7. Rasional\r\n8. Berorientasi pada tugas\r\n9. Formal\r\n10. Bergaya bisnis\r\n11. Mandiri/tertutup\r\n12. Disiplin'),
(3, 'S', 'Steadiness', 'Anda memiliki tingkat penerimaan yang tinggi dan tingkat keterbukaan yang tinggi. Orang–orang yang memiliki tingkat penerimaan tinggi tidak menunjukkan tingkat energi yang cukup untuk bersikap tegas, sehingga Anda tampak kurang tegas, lebih sabar, mendatar, tidak menuntut dan tenang. Orang tipe S (<em>Steadiness</em>) tidak menyukai perubahan atau ketidakpastian, sehingga mereka merencanakan tindakan secara berhati–hati dan mendalam serta cenderung bekerja secara gigih dan terus menerus pada tugas–tugas yang telah ditetapkan oleh mereka. Meskipun orang-orang tipe S (<em>Steadiness</em>) tampak kurang percaya diri, namun mereka memiliki tingkat keterbukaan yang tinggi untuk menerima orang lain yang cenderung ditunjukan dalam keramah–tamahan dan kemurahan hati. Tipe S (<em>Steadiness</em>) dapat diklasifikasikan sebagai : <em>Specialist Pattern</em>, <em>Achiever Pattern</em>, <em>Agent Pattern</em>, <em>Investigator Pattern</em>.', '• Melaksanakan tugas secara konsisten terhadap hal–hal yang dapat diprediksi\r\n• Menunjukkan kesabaran\r\n• Mengembangkan keterampilan khusus\r\n• Senang membantu orang lain\r\n• Menunjukkan loyalitas\r\n• Menjadi pendengar yang baik\r\n• Menangani orang secara menyenangkan\r\n• Menciptakan lingkungan kerja yang stabil dan harmonis', '• Popularitas dan pengakuan sosial\r\n• Pengakuan publik terhadap kemampuan\r\n• Kebebasan berekspresi\r\n• Aktivitas kelompok di luar pekerjaan atau tugas-tugas\r\n• Hubungan demokratik\r\n• Kebebasan dari pengendalian (tidak ingin dikontrol dan hal–hal yang terlalu spesifik)\r\n• Pembimbingan dan pelatihan\r\n• Suasana kerja yang menyenangkan', '• Dapat dipercaya (diandalkan)\r\n• Bekerja keras untuk suatu alasan\r\n• Pendengar yang ulung\r\n• Sabar & Empati\r\n• Mampu mendamaikan orang yang berkonflik\r\n• Senang bekerja sama dalam tim\r\n• Logika dan seksama (teliti)\r\n• Mampu membangun dan membina hubungan jangka panjang dengan orang lain', '• Tidak suka dikritik\r\n• Cenderung tidak menyukai perubahan\r\n• Kurang memiliki inisiatif untuk memulai aktivitas baru\r\n• Terlalu mempercayai orang lain\r\n• Cenderung tidak mampu menetapkan prioritas\r\n• Kurang sensitif terhadap hal–hal yang kurang penting\r\n• Kurang teliti (kurang hati–hati)', '• Berkonsentrasi pada tugas (bekerja sama dengan orang–orang yang lebih suka berhubungan dengan tugas daripada orang lain)\r\n• Memperhitungkan risiko\r\n• Menggunakan prinsip kehati–hatian\r\n• Menciptakan lingkungan yang dapat diprediksi\r\n• Mempelajari fakta–fakta\r\n• Berhati–hati sebelum memutuskan\r\n• Mengakui dan menghargai kebutuhan orang lain\r\n• Menerima tugas–tugas atau pekerjaan yang sulit\r\n• Memahami bahwa Anda membutuhkan bantuan orang lain (kerja sama)\r\n• Mendasarkan teknik–teknik pada pengalaman praktis\r\n• Kadang–kadang menerima goncangan/kejutan (<em>shock therapy</em>)\r\n• Bekerja sama dalam kelompok\r\n• Menyatakan/mengungkapkan alasan–alasan dalam pengambilan keputusan/kesimpulan\r\n• Menyadari akan kesepakatan atau persetujuan yang ada\r\n• Membutuhkan lebih banyak relaksasi diri (rileks dan menikmati kehidupan)', '<em>Specialist Pattern</em>, <em>Achiever Pattern</em>, <em>Agent Pattern</em>, <em>Investigator Pattern</em>', '1. Kooperatif\r\n2. Lambat bertindak\r\n3. Menghindari risiko\r\n4. Menerima\r\n5. Tidak memerintah\r\n6. Pendiam\r\n7. Mengandalkan Perasaan\r\n8. Berorientasi hubungan sesama\r\n9. Formal\r\n10. Bergaya akrab\r\n11.Terbuka\r\n12. Tidak Disiplin'),
(4, 'C', 'Compliance', 'Individu memiliki tingkat penerimaan yang tinggi dan tingkat pengendalian yang tinggi (<em>controlled</em>). Orang–orang yang memiliki tingkat penerimaan tinggi tidak menunjukkan tingkat energi yang cukup untuk bersikap tegas, sehingga Anda tampak kurang tegas dan bersikap reaktif. Namun tingkat pengendalian yang tinggi membuat Anda bersikap individualistis, kurang terbuka kepada orang lain, namun hal ini menimbulkan motivasi diri yang kuat (<em>self-motivated</em>) dan lebih suka bekerja secara bebas (<em>independent</em>). Orang–orang tipe C (<em>Compliance</em>) cenderung melihat kehidupan dalam bentuk struktur dan peraturan–peraturan dan berusaha untuk mencapai keakuratan dan ketelitian setinggi mungkin. Berdasarkan hal ini maka mereka menjadi lebih berhati–hati dan menjadi sangat sensitif terhadap perubahan dan hal–hal baru. Tipe C (<em>Compliance</em>) dapat diklasifikasikan sebagai: <em>Objective thinker Pattern</em>, <em>Perfectionist Pattern</em>, <em>and Practitioner Pattern</em>.', '• Mengikuti standar–standar dan petunjuk-petunjuk\r\n• Berkonsentrasi pada hal–hal terperinci\r\n• Berpikir analitikal\r\n• Menjadi kaku atau formal ketika berhubungan dengan orang lain\r\n• Memeriksa keakuratan dan menganalisis kinerja secara kritis\r\n• Menggunakan pendekatan sistematik terhadap situasi atau aktivitas–aktivitas', '• Ekspresi kinerja yang terdefinisi secara jelas\r\n• Nilai–nilai kualitas dan akurasi\r\n• Kesempatan untuk menunjukkan keahlian (<em>expertise</em>)\r\n• Pengendalian terhadap faktor–faktor yang mempengaruhi kinerja\r\n• Kesempatan untuk bertanya mengapa?\r\n• Pengakuan terhadap keterampilan khusus beserta pencapaiannya', '• Berpikir objektif\r\n• Hati-hati (teliti)\r\n• mempertahankan standar tinggi\r\n• Menanyakan hal–hal yang benar\r\n• Ketrampilan diplomatik\r\n• Memberikan perhatian sampai terperinci (<em>detail</em>)\r\n• Logika dan seksama (teliti)\r\n• Menyelesaikan masalah mengikuti langkah–langkah rasional (ilmiah)', '• Ragu-ragu dalam bertindak\r\n• Cenderung rewel, mempermasalahkan sampai hal-hal <em>detail</em>\r\n• Cenderung bersikap bertahan (defensif) bila dikritik\r\n• Memilih-milih orang yang seperti dirinya\r\n• Cenderung hanya memberikan instruksi tanpa berusaha menjelaskannya', '• Mendelegasikan tugas–tugas penting\r\n• Cepat membuat keputusan\r\n• Menggunakan kebijakan–kebijakan hanya sebagai petunjuk pelaksanaan tugas\r\n• Berkompromi dengan orang lain\r\n• Memulai dan memfasilitasi diskusi\r\n• Mendukung kerjasama\r\n• Membuat perencanaan secara hati–hati\r\n• Mengetahui deskripsi pekerjaan secara tepat\r\n• Menjadwalkan penilaian kinerja\r\n• Menerima umpan balik kinerja secara spesifik\r\n• Menghargai prestasi orang lain secara pribadi\r\n• Mengembangkan toleransi untuk menghadapi konflik', '<em>Objective thinker Pattern</em>, <em>Perfectionist Pattern</em>, <em>and Practitioner Pattern</em>', '1. Kooperatif\r\n2. Lambat bertindak\r\n3. Menghindari risiko\r\n4. Menerima\r\n5. Tidak memerintah\r\n6. Pendiam\r\n7. Rasional\r\n8. Berorientasi pada tugas\r\n9. Formal\r\n10. Bergaya bisnis\r\n11. Mandiri/tertutup\r\n12. Disiplin');

-- --------------------------------------------------------

--
-- Table structure for table `disc_norms`
--

CREATE TABLE `disc_norms` (
  `id_norm` int(11) NOT NULL,
  `graph` tinyint(4) NOT NULL,
  `aspect` char(1) NOT NULL,
  `raw_score` int(11) NOT NULL,
  `standard_score` decimal(5,2) NOT NULL
) ENGINE=InnoDB DEFAULT CHARSET=utf8mb4 COLLATE=utf8mb4_unicode_ci;

--
-- Dumping data for table `disc_norms`
--

INSERT INTO `disc_norms` (`id_norm`, `graph`, `aspect`, `raw_score`, `standard_score`) VALUES
(1, 1, 'D', 1, 1.00),
(2, 1, 'D', 2, 2.00),
(3, 1, 'D', 3, 3.00),
(4, 1, 'D', 4, 4.00),
(5, 1, 'D', 5, 5.00),
(6, 1, 'D', 6, 6.00),
(7, 1, 'D', 7, 7.00),
(8, 1, 'D', 8, 8.00),
(9, 1, 'D', 9, 9.00),
(10, 1, 'D', 10, 10.00),
(11, 1, 'D', 12, 12.00),
(12, 1, 'D', 14, 14.00),
(13, 1, 'D', 15, 15.00),
(14, 1, 'D', 16, 16.00),
(15, 1, 'D', 20, 20.00),
(16, 1, 'I', 0, 0.75),
(17, 1, 'I', 1, 1.75),
(18, 1, 'I', 2, 2.50),
(19, 1, 'I', 3, 5.00),
(20, 1, 'I', 4, 6.50),
(21, 1, 'I', 5, 8.00),
(22, 1, 'I', 6, 8.90),
(23, 1, 'I', 7, 10.00),
(24, 1, 'I', 8, 12.50),
(25, 1, 'I', 9, 14.50),
(26, 1, 'I', 10, 16.00),
(27, 1, 'I', 17, 19.00),
(28, 1, 'S', 0, 1.75),
(29, 1, 'S', 1, 2.25),
(30, 1, 'S', 2, 2.90),
(31, 1, 'S', 3, 5.20),
(32, 1, 'S', 4, 6.00),
(33, 1, 'S', 5, 1.00),
(34, 1, 'S', 6, 7.75),
(35, 1, 'S', 7, 8.65),
(36, 1, 'S', 8, 9.50),
(37, 1, 'S', 9, 10.00),
(38, 1, 'S', 10, 12.25),
(39, 1, 'S', 11, 14.50),
(40, 1, 'S', 12, 16.00),
(41, 1, 'S', 19, 20.00),
(42, 1, 'C', 0, 0.00),
(43, 1, 'C', 1, 1.90),
(44, 1, 'C', 2, 2.50),
(45, 1, 'C', 3, 5.50),
(46, 1, 'C', 4, 7.00),
(47, 1, 'C', 5, 8.25),
(48, 1, 'C', 6, 10.00),
(49, 1, 'C', 7, 12.00),
(50, 1, 'C', 8, 14.50),
(51, 1, 'C', 9, 16.00),
(52, 1, 'C', 15, 20.00),
(53, 2, 'D', 0, 20.00),
(54, 2, 'D', 1, 15.00),
(55, 2, 'D', 2, 10.00),
(56, 2, 'D', 3, 8.00),
(57, 2, 'D', 4, 7.00),
(58, 2, 'D', 5, 6.50),
(59, 2, 'D', 6, 6.00),
(60, 2, 'D', 7, 5.50),
(61, 2, 'D', 8, 5.00),
(62, 2, 'D', 9, 4.00),
(63, 2, 'D', 10, 3.00),
(64, 2, 'D', 11, 2.50),
(65, 2, 'D', 12, 2.00),
(66, 2, 'D', 13, 1.75),
(67, 2, 'D', 14, 1.50),
(68, 2, 'D', 15, 1.00),
(69, 2, 'D', 16, 0.00),
(70, 2, 'D', 17, 0.00),
(71, 2, 'D', 18, 0.00),
(72, 2, 'D', 19, 0.00),
(73, 2, 'D', 20, 0.00),
(74, 2, 'I', 0, 20.00),
(75, 2, 'I', 1, 15.00),
(76, 2, 'I', 2, 10.00),
(77, 2, 'I', 3, 7.85),
(78, 2, 'I', 4, 6.50),
(79, 2, 'I', 5, 5.85),
(80, 2, 'I', 6, 4.00),
(81, 2, 'I', 7, 2.50),
(82, 2, 'I', 8, 1.85),
(83, 2, 'I', 9, 1.50),
(84, 2, 'I', 10, 1.25),
(85, 2, 'I', 11, 1.00),
(86, 2, 'I', 19, 0.00),
(87, 2, 'S', 0, 20.00),
(88, 2, 'S', 1, 16.00),
(89, 2, 'S', 2, 15.00),
(90, 2, 'S', 3, 12.25),
(91, 2, 'S', 4, 8.50),
(92, 2, 'S', 5, 7.50),
(93, 2, 'S', 6, 6.75),
(94, 2, 'S', 7, 5.50),
(95, 2, 'S', 8, 4.00),
(96, 2, 'S', 9, 2.75),
(97, 2, 'S', 10, 2.00),
(98, 2, 'S', 11, 1.50),
(99, 2, 'S', 12, 1.00),
(100, 2, 'S', 13, 0.00),
(101, 2, 'S', 19, 0.00),
(102, 2, 'C', 0, 20.00),
(103, 2, 'C', 1, 16.00),
(104, 2, 'C', 2, 15.00),
(105, 2, 'C', 3, 9.00),
(106, 2, 'C', 4, 7.50),
(107, 2, 'C', 5, 4.75),
(108, 2, 'C', 6, 7.00),
(109, 2, 'C', 7, 6.00),
(110, 2, 'C', 8, 5.25),
(111, 2, 'C', 9, 3.50),
(112, 2, 'C', 10, 2.50),
(113, 2, 'C', 11, 2.50),
(114, 2, 'C', 12, 1.00),
(115, 2, 'C', 13, 0.00),
(116, 2, 'C', 15, 0.00),
(117, 3, 'D', -21, 0.00),
(118, 3, 'D', -14, 0.00),
(119, 3, 'D', -13, 1.00),
(120, 3, 'D', -11, 1.33),
(121, 3, 'D', -10, 1.66),
(122, 3, 'D', -9, 2.00),
(123, 3, 'D', -7, 2.50),
(124, 3, 'D', -6, 3.00),
(125, 3, 'D', -4, 4.00),
(126, 3, 'D', -3, 5.00),
(127, 3, 'D', -2, 5.50),
(128, 3, 'D', 0, 6.00),
(129, 3, 'D', 1, 7.00),
(130, 3, 'D', 3, 7.50),
(131, 3, 'D', 5, 8.00),
(132, 3, 'D', 7, 8.25),
(133, 3, 'D', 8, 8.75),
(134, 3, 'D', 9, 9.25),
(135, 3, 'D', 10, 10.00),
(136, 3, 'D', 12, 12.00),
(137, 3, 'D', 13, 14.00),
(138, 3, 'D', 14, 14.50),
(139, 3, 'D', 15, 15.50),
(140, 3, 'D', 16, 16.00),
(141, 3, 'D', 20, 20.00),
(142, 3, 'I', -19, 0.00),
(143, 3, 'I', -10, 0.00),
(144, 3, 'I', -9, 1.00),
(145, 3, 'I', -8, 1.50),
(146, 3, 'I', -7, 1.75),
(147, 3, 'I', -6, 2.50),
(148, 3, 'I', -5, 3.00),
(149, 3, 'I', -4, 4.00),
(150, 3, 'I', -3, 4.50),
(151, 3, 'I', -2, 5.50),
(152, 3, 'I', -1, 6.00),
(153, 3, 'I', 0, 7.25),
(154, 3, 'I', 1, 7.50),
(155, 3, 'I', 2, 8.33),
(156, 3, 'I', 3, 9.00),
(157, 3, 'I', 4, 9.50),
(158, 3, 'I', 5, 11.00),
(159, 3, 'I', 6, 12.00),
(160, 3, 'I', 7, 14.00),
(161, 3, 'I', 8, 15.50),
(162, 3, 'I', 9, 16.00),
(163, 3, 'I', 17, 20.00),
(164, 3, 'S', -19, 0.00),
(165, 3, 'S', -12, 0.00),
(166, 3, 'S', -11, 1.00),
(167, 3, 'S', -10, 1.33),
(168, 3, 'S', -9, 1.66),
(169, 3, 'S', -8, 2.00),
(170, 3, 'S', -7, 2.50),
(171, 3, 'S', -6, 3.00),
(172, 3, 'S', -5, 4.00),
(173, 3, 'S', -4, 5.00),
(174, 3, 'S', -3, 5.50),
(175, 3, 'S', -2, 6.00),
(176, 3, 'S', -1, 6.75),
(177, 3, 'S', 0, 7.50),
(178, 3, 'S', 1, 8.00),
(179, 3, 'S', 2, 8.50),
(180, 3, 'S', 3, 9.00),
(181, 3, 'S', 4, 9.50),
(182, 3, 'S', 5, 10.00),
(183, 3, 'S', 6, 11.00),
(184, 3, 'S', 7, 12.00),
(185, 3, 'S', 8, 13.00),
(186, 3, 'S', 9, 14.50),
(187, 3, 'S', 10, 15.50),
(188, 3, 'S', 11, 16.00),
(189, 3, 'S', 19, 20.00),
(190, 3, 'C', -16, 0.00),
(191, 3, 'C', -12, 0.00),
(192, 3, 'C', -11, 1.33),
(193, 3, 'C', -10, 1.66),
(194, 3, 'C', -9, 2.00),
(195, 3, 'C', -8, 2.50),
(196, 3, 'C', -7, 3.00),
(197, 3, 'C', -6, 4.00),
(198, 3, 'C', -5, 5.00),
(199, 3, 'C', -4, 5.50),
(200, 3, 'C', -3, 6.00),
(201, 3, 'C', -2, 7.00),
(202, 3, 'C', -1, 7.50),
(203, 3, 'C', 0, 8.50),
(204, 3, 'C', 1, 9.00),
(205, 3, 'C', 2, 9.50),
(206, 3, 'C', 3, 10.00),
(207, 3, 'C', 4, 12.00),
(208, 3, 'C', 5, 14.00),
(209, 3, 'C', 6, 15.50),
(210, 3, 'C', 7, 16.00),
(211, 3, 'C', 15, 20.00),
(213, 1, 'D', 0, 0.00);

-- --------------------------------------------------------

--
-- Table structure for table `questions`
--

CREATE TABLE `questions` (
  `id_question` int(11) NOT NULL,
  `nomor_soal` int(11) NOT NULL,
  `created_at` datetime NOT NULL
) ENGINE=InnoDB DEFAULT CHARSET=utf8mb4 COLLATE=utf8mb4_unicode_ci;

--
-- Dumping data for table `questions`
--

INSERT INTO `questions` (`id_question`, `nomor_soal`, `created_at`) VALUES
(1, 1, '2026-08-20 14:10:48'),
(2, 2, '2026-08-20 14:10:48'),
(3, 3, '2026-08-20 14:10:48'),
(4, 4, '2026-08-20 14:10:48'),
(5, 5, '2026-08-20 14:10:48'),
(6, 6, '2026-08-20 14:10:48'),
(7, 7, '2026-08-20 14:10:48'),
(8, 8, '2026-08-20 14:10:48'),
(9, 9, '2026-08-20 14:10:48'),
(10, 10, '2026-08-20 14:10:48'),
(11, 11, '2026-08-20 14:10:48'),
(12, 12, '2026-08-20 14:10:48'),
(13, 13, '2026-08-20 14:10:48'),
(14, 14, '2026-08-20 14:10:48'),
(15, 15, '2026-08-20 14:10:48'),
(16, 16, '2026-08-20 14:10:48'),
(17, 17, '2026-08-20 14:10:48'),
(18, 18, '2026-08-20 14:10:48'),
(19, 19, '2026-08-20 14:10:48'),
(20, 20, '2026-08-20 14:10:48'),
(21, 21, '2026-08-20 14:10:48'),
(22, 22, '2026-08-20 14:10:48'),
(23, 23, '2026-08-20 14:10:48'),
(24, 24, '2026-08-20 14:10:48');

-- --------------------------------------------------------

--
-- Table structure for table `respondents`
--

CREATE TABLE `respondents` (
  `id_respondent` int(11) NOT NULL,
  `nama` varchar(150) NOT NULL,
  `jenis_kelamin` varchar(20) NOT NULL,
  `usia` int(11) NOT NULL,
  `divisi` varchar(100) NOT NULL,
  `jabatan` varchar(100) NOT NULL,
  `created_at` datetime NOT NULL
) ENGINE=InnoDB DEFAULT CHARSET=utf8mb4 COLLATE=utf8mb4_unicode_ci;

--
-- Dumping data for table `respondents`
--

INSERT INTO `respondents` (`id_respondent`, `nama`, `jenis_kelamin`, `usia`, `divisi`, `jabatan`, `created_at`) VALUES
(11, 'Endiarti Kusumadini', 'Perempuan', 37, 'Business Services', 'Staf Madya', '2026-08-24 16:35:28'),
(16, 'Endiarti Kusumadini', 'Perempuan', 44, 'Business Services', 'Operator Muda', '2026-08-27 14:04:43'),
(18, 'Akeyla Reshad Krisnasyahbana', 'Perempuan', 22, 'Mekanikal/Elektrikal', 'Staf Muda', '2026-08-27 15:40:48'),
(22, 'Akeyla Reshad Krisnasyahbana', 'Perempuan', 23, 'Mekanikal/Elektrikal', 'Staf Muda', '2026-08-28 08:46:58'),
(23, 'Endiarti Kusumadini', 'Perempuan', 45, 'Business Services', 'Operator Muda', '2026-08-28 11:09:39');

-- --------------------------------------------------------

--
-- Table structure for table `results`
--

CREATE TABLE `results` (
  `id_result` int(11) NOT NULL,
  `id_assessments` int(11) NOT NULL,
  `d_most` int(11) NOT NULL,
  `i_most` int(11) NOT NULL,
  `s_most` int(11) NOT NULL,
  `c_most` int(11) NOT NULL,
  `d_least` int(11) NOT NULL,
  `i_least` int(11) NOT NULL,
  `s_least` int(11) NOT NULL,
  `c_least` int(11) NOT NULL,
  `d_graph1` decimal(5,2) NOT NULL,
  `i_graph1` decimal(5,2) NOT NULL,
  `s_graph1` decimal(5,2) NOT NULL,
  `c_graph1` decimal(5,2) NOT NULL,
  `d_graph2` decimal(5,2) NOT NULL,
  `i_graph2` decimal(5,2) NOT NULL,
  `s_graph2` decimal(5,2) NOT NULL,
  `c_graph2` decimal(5,2) NOT NULL,
  `d_graph3` decimal(5,2) NOT NULL,
  `i_graph3` decimal(5,2) NOT NULL,
  `s_graph3` decimal(5,2) NOT NULL,
  `c_graph3` decimal(5,2) NOT NULL,
  `profile_dominant` varchar(20) NOT NULL
) ENGINE=InnoDB DEFAULT CHARSET=utf8mb4 COLLATE=utf8mb4_unicode_ci;

--
-- Dumping data for table `results`
--

INSERT INTO `results` (`id_result`, `id_assessments`, `d_most`, `i_most`, `s_most`, `c_most`, `d_least`, `i_least`, `s_least`, `c_least`, `d_graph1`, `i_graph1`, `s_graph1`, `c_graph1`, `d_graph2`, `i_graph2`, `s_graph2`, `c_graph2`, `d_graph3`, `i_graph3`, `s_graph3`, `c_graph3`, `profile_dominant`) VALUES
(1, 1, 6, 5, 6, 5, 8, 2, 7, 5, 6.00, 8.00, 7.75, 8.25, 5.00, 10.00, 5.50, 4.75, 5.50, 9.00, 6.75, 8.50, 'I');

-- --------------------------------------------------------

--
-- Table structure for table `statements`
--

CREATE TABLE `statements` (
  `id_statement` int(11) NOT NULL,
  `id_question` int(11) NOT NULL,
  `statement_text` text NOT NULL,
  `most_key` varchar(10) NOT NULL,
  `least_key` varchar(10) NOT NULL
) ENGINE=InnoDB DEFAULT CHARSET=utf8mb4 COLLATE=utf8mb4_unicode_ci;

--
-- Dumping data for table `statements`
--

INSERT INTO `statements` (`id_statement`, `id_question`, `statement_text`, `most_key`, `least_key`) VALUES
(1, 1, 'Lembut', 'S', 'S'),
(2, 1, 'Pandai Memengaruhi', 'I', 'Netral'),
(3, 1, 'Rendah hati', 'C', 'C'),
(4, 1, 'Apa adanya', 'Netral', 'D'),
(5, 2, 'Menarik', 'I', 'I'),
(6, 2, 'Mawas diri', 'C', 'C'),
(7, 2, 'Keras kepala', 'D', 'D'),
(8, 2, 'Manis', 'Netral', 'S'),
(9, 3, 'Mudah di arahkan', 'Netral', 'C'),
(10, 3, 'Keras kepala', 'D', 'D'),
(11, 3, 'Setia', 'S', 'Netral'),
(12, 3, 'Mempesona', 'I', 'I'),
(13, 4, 'Berpandangan luas', 'I', 'Netral'),
(14, 4, 'Merasa berwajib', 'C', 'C'),
(15, 4, 'Penuh hasrat', 'Netral', 'D'),
(16, 4, 'Ceria', 'S', 'S'),
(17, 5, 'Periang', 'Netral', 'I'),
(18, 5, 'Seksama', 'C', 'C'),
(19, 5, 'Pencemas', 'Netral', 'D'),
(20, 5, 'Tenaga terkendali', 'S', 'S'),
(21, 6, 'Kompetitif', 'D', 'D'),
(22, 6, 'Penuh pertimbangan', 'S', 'S'),
(23, 6, 'Gembira ria', 'Netral', 'I'),
(24, 6, 'Serasi', 'Netral', 'C'),
(25, 7, 'Cerewet', 'Netral', 'C'),
(26, 7, 'Taat', 'S', 'Netral'),
(27, 7, 'Tidak terkalahkan', 'D', 'D'),
(28, 7, 'Suka bercanda', 'I', 'I'),
(29, 8, 'Berani', 'D', 'Netral'),
(30, 8, 'Pemberi semangat', 'I', 'Netral'),
(31, 8, 'Penurut', 'Netral', 'S'),
(32, 8, 'Pemalu', 'Netral', 'C'),
(33, 9, 'Suka bergaul', 'I', 'I'),
(34, 9, 'Sabar', 'S', 'S'),
(35, 9, 'Percaya diri', 'D', 'D'),
(36, 9, 'Bicara lembut', 'C', 'Netral'),
(37, 10, 'Suka tantangan', 'D', 'D'),
(38, 10, 'Mudah menerima ide-ide baru', 'C', 'Netral'),
(39, 10, 'Hangat, ramah', 'Netral', 'I'),
(40, 10, 'Wajar', 'S', 'S'),
(41, 11, 'Banyak bicara', 'I', 'I'),
(42, 11, 'Penuh keberanian', 'S', 'S'),
(43, 11, 'Diplomatik', 'Netral', 'C'),
(44, 11, 'Merasa puas', 'D', 'D'),
(45, 12, 'Halus budi bahasa', 'Netral', 'I'),
(46, 12, 'Penuh keberanian', 'D', 'D'),
(47, 12, 'Diplomatis', 'Netral', 'C'),
(48, 12, 'Merasa puas', 'S', 'S'),
(49, 13, 'Agresif', 'D', 'Netral'),
(50, 13, 'Bergairah', 'I', 'I'),
(51, 13, 'Ramah, Mudah setuju', 'S', 'S'),
(52, 13, 'Takut-takut', 'Netral', 'C'),
(53, 14, 'Hati-hati', 'C', 'C'),
(54, 14, 'Gigih', 'D', 'Netral'),
(55, 14, 'Meyakinkan', 'I', 'I'),
(56, 14, 'Pribadi yang baik', 'S', 'Netral'),
(57, 15, 'Mau melaksanakan', 'S', 'Netral'),
(58, 15, 'Ingin sekali', 'D', 'D'),
(59, 15, 'Penurut', 'C', 'C'),
(60, 15, 'Bersemangat', 'Netral', 'I'),
(61, 16, 'Percaya diri', 'I', 'Netral'),
(62, 16, 'Simpatik', 'Netral', 'S'),
(63, 16, 'Toleransi', 'Netral', 'C'),
(64, 16, 'Tegas', 'D', 'D'),
(65, 17, 'Disiplin baik', 'C', 'Netral'),
(66, 17, 'Murah hati', 'S', 'S'),
(67, 17, 'Pemberi semangat', 'Netral', 'I'),
(68, 17, 'Ngotot', 'D', 'D'),
(69, 18, 'Terpuji', 'I', 'Netral'),
(70, 18, 'Ramah', 'S', 'Netral'),
(71, 18, 'Pasrah', 'Netral', 'C'),
(72, 18, 'Pribadi yang kuat', 'D', 'D'),
(73, 19, 'Hemat', 'C', 'Netral'),
(74, 19, 'Pesimis', 'D', 'D'),
(75, 19, 'Optimis', 'I', 'I'),
(76, 19, 'Suka menolong', 'S', 'S'),
(77, 20, 'Suka berdebat', 'D', 'D'),
(78, 20, 'Mudah menyesuaikan diri', 'C', 'Netral'),
(79, 20, 'Acuh', 'Netral', 'S'),
(80, 20, 'Selalu tenang', 'I', 'I'),
(81, 21, 'Mudah percaya', 'I', 'I'),
(82, 21, 'Puas diri', 'Netral', 'S'),
(83, 21, 'Positif', 'D', 'D'),
(84, 21, 'Damai/tenang', 'C', 'C'),
(85, 22, 'Membaur', 'I', 'I'),
(86, 22, 'Sopan/terpelajar', 'Netral', 'C'),
(87, 22, 'Penuh semangat', 'D', 'D'),
(88, 22, 'Toleransi/lunak', 'S', 'S'),
(89, 23, 'Bersahabat', 'I', 'I'),
(90, 23, 'Teliti', 'C', 'Netral'),
(91, 23, 'Terus terang', 'D', 'D'),
(92, 23, 'Menahan diri', 'Netral', 'S'),
(93, 24, 'Gelisah', 'D', 'D'),
(94, 24, 'Ramah, suka membantu', 'S', 'S'),
(95, 24, 'Populer', 'I', 'I'),
(96, 24, 'Taat', 'C', 'C');

--
-- Indexes for table `answers`
--
ALTER TABLE `answers`
  ADD PRIMARY KEY (`id_answer`),
  ADD KEY `id_assessment` (`id_assessment`),
  ADD KEY `id_question` (`id_question`),
  ADD KEY `most_statement_id` (`most_statement_id`),
  ADD KEY `least_statement_id` (`least_statement_id`);

--
-- Indexes for table `assessments`
--
ALTER TABLE `assessments`
  ADD PRIMARY KEY (`id_assessments`);

--
-- Indexes for table `assessment_results`
--
ALTER TABLE `assessment_results`
  ADD PRIMARY KEY (`id_result`),
  ADD UNIQUE KEY `id_assessment` (`id_assessment`);

--
-- Indexes for table `disc_categories`
--
ALTER TABLE `disc_categories`
  ADD PRIMARY KEY (`id_category`);

--
-- Indexes for table `disc_norms`
--
ALTER TABLE `disc_norms`
  ADD PRIMARY KEY (`id_norm`),
  ADD KEY `graph` (`graph`),
  ADD KEY `aspect` (`aspect`);

--
-- Indexes for table `questions`
--
ALTER TABLE `questions`
  ADD PRIMARY KEY (`id_question`);

--
-- Indexes for table `respondents`
--
ALTER TABLE `respondents`
  ADD PRIMARY KEY (`id_respondent`);

--
-- Indexes for table `results`
--
ALTER TABLE `results`
  ADD PRIMARY KEY (`id_result`),
  ADD KEY `id_assessment` (`id_assessments`);

--
-- Indexes for table `statements`
--
ALTER TABLE `statements`
  ADD PRIMARY KEY (`id_statement`),
  ADD KEY `id_question` (`id_question`);

--
-- AUTO_INCREMENT for table `answers`
--
ALTER TABLE `answers`
  MODIFY `id_answer` int(11) NOT NULL AUTO_INCREMENT, AUTO_INCREMENT=433;

--
-- AUTO_INCREMENT for table `assessments`
--
ALTER TABLE `assessments`
  MODIFY `id_assessments` int(11) NOT NULL AUTO_INCREMENT, AUTO_INCREMENT=19;

--
-- AUTO_INCREMENT for table `assessment_results`
--
ALTER TABLE `assessment_results`
  MODIFY `id_result` int(11) NOT NULL AUTO_INCREMENT, AUTO_INCREMENT=20;

--
-- AUTO_INCREMENT for table `disc_categories`
--
ALTER TABLE `disc_categories`
  MODIFY `id_category` int(11) NOT NULL AUTO_INCREMENT, AUTO_INCREMENT=5;

--
-- AUTO_INCREMENT for table `disc_norms`
--
ALTER TABLE `disc_norms`
  MODIFY `id_norm` int(11) NOT NULL AUTO_INCREMENT, AUTO_INCREMENT=214;

--
-- AUTO_INCREMENT for table `questions`
--
ALTER TABLE `questions`
  MODIFY `id_question` int(11) NOT NULL AUTO_INCREMENT, AUTO_INCREMENT=25;

--
-- AUTO_INCREMENT for table `respondents`
--
ALTER TABLE `respondents`
  MODIFY `id_respondent` int(11) NOT NULL AUTO_INCREMENT, AUTO_INCREMENT=25;

--
-- AUTO_INCREMENT for table `results`
--
ALTER TABLE `results`
  MODIFY `id_result` int(11) NOT NULL AUTO_INCREMENT, AUTO_INCREMENT=2;

--
-- AUTO_INCREMENT for table `statements`
--
ALTER TABLE `statements`
  MODIFY `id_statement` int(11) NOT NULL AUTO_INCREMENT, AUTO_INCREMENT=97;

--
-- Constraints for dumped tables
--

--
-- Constraints for table `assessment_results`
--
ALTER TABLE `assessment_results`
  ADD CONSTRAINT `assessment_results_ibfk_1` FOREIGN KEY (`id_assessment`) REFERENCES `assessments` (`id_assessments`) ON DELETE CASCADE;
COMMIT;

